 Give o(-2).
-4
Let a(x) = -6*x**3 + 3*x**2 + 27*x - 6. Let s(z) = z**3 - z**2 - 5*z + 1. Let p(j) = -2*a(j) - 11*s(j). Calculate p(-3).
16
Let i(y) = -y**2 - 8*y - 8. Let o(p) = -16*p + 99. Let v be o(6). Let z(m) = m + 1. Let u be z(1). Suppose -u*s = s - 2*x + 12, -v = x. What is i(s)?
4
Let z(g) = g**2 + g + 1. Let f(o) = -o**3 + 3*o**2 - 8*o + 4. Let j(l) = -f(l) - 2*z(l). Determine j(5).
24
Let i(u) = 30*u + 34. Let j(s) = -2*s - 6. Let h(a) = i(a) + 6*j(a). What is h(2)?
34
Suppose 3*x + 49 = -4*f, -145*x + 144*x + 40 = -3*f. Let i(b) = -b - 5. Determine i(f).
8
Suppose 0 = 8*p - 3 - 13. Suppose a = p*a - 5. Let k(c) = 2*c**2 - 2*c + 5*c - 3*c**2 + 3. Give k(a).
-7
Let t = 1353/2 + -675. Let v(o) be the second derivative of 1/20*o**5 + 4*o - 1/6*o**3 + 0 + 1/2*o**4 - t*o**2. Give v(-6).
3
Let b = 5 - 38. Let m = b - -40. Let g(y) = -y + 3. Give g(m).
-4
Let h(p) be the third derivative of p**5/60 - 5*p**4/24 + p**3/3 - p**2 - 16. What is h(4)?
-2
Let v(r) = -3528*r + 3533*r + 3*r**2 + 4 - 2*r**2. Suppose 2*w + 16 = 6*w. Suppose -l = 3*o - 4*o - 4, -w*l = 4*o + 16. Calculate v(o).
0
Let y(i) = -i**2 + 5*i + 4. Let b(w) = -19*w - 8. Let d = -9 + 6. Let f be b(d). Suppose 4*l + f = 11*l. What is y(l)?
-10
Let c(n) = -n. Let j(m) = m**2 + m - 6. Let u(i) = -i**2 + 5. Let t(r) = 5*j(r) + 6*u(r). Let z(g) = 6*c(g) + t(g). Calculate z(2).
-6
Let p(t) = -14 + 3*t - 47*t + 43*t. Let k be -2 + -5 + 1 - 1. Give p(k).
-7
Let h(k) be the second derivative of k**3/2 + 4*k**2 + 7*k - 76. Suppose b - 4*b = 18. Give h(b).
-10
Suppose 5*n = 15, q + q = n - 25. Let t = q + 35. Let h be (-5)/3*t/(-20). Let a(g) = 2*g**3 - 3*g**2 + g + 2. What is a(h)?
8
Let t be 2/13 + (-123)/39. Let a(y) = 0*y - 2*y - y**2 - 3 + 7. Give a(t).
1
Let b(i) = i**2 - 9*i + 10. Let t be b(7). Let f(p) = 2 - 2 - p + 2 - 3. Determine f(t).
3
Let m(c) = 7 + c**2 + 6*c - 2*c**3 + 3*c**3 + 5*c**2. Let g be m(-5). Let s(i) = 12 - 16 + 3*i + g*i + i**2. Calculate s(-6).
2
Let k(v) = -v**2 - 2*v + 6. Suppose 12*t - 20*t - 40 = 0. Calculate k(t).
-9
Let f(h) be the second derivative of -h**8/6720 + h**7/360 - h**6/90 + h**5/20 - 5*h**4/12 + h. Let l(d) be the third derivative of f(d). Give l(6).
-6
Let b(z) = z**2 - 12*z + 24. Let d be b(2). Let r(c) = -c**3 + 5*c**2 - 6*c + 2. Give r(d).
-6
Let d(z) be the third derivative of z**5/12 + z**3/6 + 3*z**2 - 6. What is d(1)?
6
Let h(y) = -6*y + 4*y + 6 + 0 - 2 - 13. Determine h(-6).
3
Suppose -16*y + 20 = -11*y. Let f be -1 - (-3 - (-8)/y). Let t(r) = -r**3 + r + r**3 + r**3 - 11. What is t(f)?
-11
Suppose -2*w - 8 = -12. Let x(i) = 4*i + 4 - i - 2 + w. Suppose -4*f - 3*o + 6 = 0, 2*o = 2*f + 7*o + 4. Determine x(f).
13
Let s(z) = 3*z**3 + 2*z**2 - 1. Let f be ((-9)/(-2) - 4)/((-1)/2). Give s(f).
-2
Let z(g) = g**3 + g**2 + g. Let y(n) = -3*n**3 - 3*n**2 - n - 1. Let q(f) = -y(f) - 2*z(f). Give q(-2).
-1
Let k(m) = 3*m + 7. Let z(j) = -j. Let o(l) = l. Let x be o(1). Suppose -11 = -i - 5*r, 6*i - 4*r = 2*i - 4. Let d(g) = i*k(g) + x*z(g). Give d(-6).
-5
Let s(w) be the third derivative of -w**6/120 + w**5/12 + 7*w**4/24 - 4*w**3/3 + w**2 + 3*w - 185. Let u(r) = r**3 + 3*r**2 + 2. Let t be u(-2). What is s(t)?
-2
Let u(r) = 2*r + 9. Suppose w - 360 = -3*w. Let f be (-1 + -3)/((-12)/w). Suppose 4*j = -j - f. Give u(j).
-3
Let g(m) = 0*m**2 + 2*m - 2*m**2 + m**2 - 3. Let w be (-8)/(24/(-9)) + -3. Suppose -2*i = -2*r - w*i + 6, i = 3*r - 7. Calculate g(r).
-3
Let d(m) = 3*m - 4 - 6*m + m. Let b(j) = -9*j. Let h be b(1). Let c = h + 4. Determine d(c).
6
Let v(i) be the third derivative of i**6/120 - i**5/10 + i**4/6 + i**3/6 + 57*i**2. Let f be 4 + 0*(-2)/(-4). Calculate v(f).
-15
Suppose u = -0*u - 4*a - 7, 35 = -5*u - 4*a. Let q(m) = -m**3 - 8*m**2 - 9*m - 15. Determine q(u).
-1
Let l(u) be the third derivative of -u**6/120 + 4*u**5/15 - 7*u**4/12 - 11*u**3/3 - 48*u**2 - 5. Calculate l(15).
-7
Suppose 13*z = 6*z + 4*h + 34, h = -z + 8. Let k(f) be the third derivative of -f**4/6 - f**3/6 + f**2. Give k(z).
-25
Let n(r) be the second derivative of 19*r + 0 - 2*r**2 + 2/3*r**3. Calculate n(3).
8
Let k(z) = z**2 + 8*z. Suppose 4 = -v - 0, -5*v - 28 = r. Determine k(r).
0
Let w(v) be the third derivative of v**4/8 - 2*v**3/3 + 3*v**2 - 11. What is w(-7)?
-25
Let x(k) = -k**3 + k**2 - k + 1. Let h(l) = -6*l**3 + 5*l**2 - 3*l + 6. Let g(u) = -h(u) + 5*x(u). Let a = -12 - -14. Suppose -q = a - 0. Give g(q).
-5
Let d(s) = -48*s**2 + 88*s**2 + 14 - 7*s - 41*s**2. Determine d(-8).
6
Let v(b) be the second derivative of b**3/6 - 3*b**2/2 - 775*b. What is v(6)?
3
Let n(s) = -8*s - 3. Let m(t) = 5*t**3 + 45*t**2 - t - 13. Let l be m(-9). Calculate n(l).
29
Let d(a) = -a**2 - 2*a + 5. Let z be d(-6). Let r = -18 - z. Let p(t) = -8*t + 8 - r - 7 - t**2 - 6. What is p(-6)?
6
Let x(y) = -y**3 - 2*y**2 + 3*y + 3. Let d = 4 - 1. Let q be (2 + d)*(-32)/10. Let v be 18/(-8) + (-4)/q. What is x(v)?
-3
Let k(z) be the first derivative of -z**3/3 + 3*z**2/2 + 16*z - 616. Give k(-4).
-12
Let w(t) = -5*t + 23. Suppose 1317 = -z + 1325. Determine w(z).
-17
Let f(h) = -h**2 + 13*h - 4. Let z be (85/5 - 10) + -1. Determine f(z).
38
Let p(b) = b**2. Let d(r) = -3*r - 5. Let t(o) = o + 2. Let z(n) = -2*d(n) - 5*t(n). Let l(m) = -p(m) - 4*z(m). Let a = -20 + 17. Calculate l(a).
3
Let h be ((-99)/(-108) - 1)*-1. Let a(d) be the second derivative of 0*d**3 + 5/2*d**2 - 7*d - h*d**4 + 0. Give a(0).
5
Let o = 109 + -65. Let u(g) = 42*g + 4 - 14 - o*g. Let p = 1 - 9. Calculate u(p).
6
Let z(v) be the third derivative of -v**5/60 + v**4/4 - v**3/3 - 100*v**2. Let x be 26/7 + (-8)/(-28). Give z(x).
6
Let o(a) = -13*a - 155. Let h be o(-12). Let y(k) be the second derivative of -2*k**4/3 - k**3/6 - 3*k. What is y(h)?
-9
Let z be (4/8)/((-20)/480). Let y(g) = -3*g - 34. Determine y(z).
2
Let z = 751 + -449. Let j(x) = -z*x**2 + 1 - 1 + 300*x**2. Give j(-1).
-2
Let s(u) = 4*u - 1 + 2 - 9*u. Let p = 13 - 14. Let y(a) = -a**3 + a + 1. Let h be y(p). Calculate s(h).
-4
Let o(d) = -d**3 - 128 + 4*d + 62 - d**2 - 3*d + 71. Calculate o(0).
5
Let w(h) = -3*h**3 + 3 + 477*h + 6*h**2 + 4*h**3 - 471*h + 3 + 0*h**3. Calculate w(-5).
1
Let s(h) = -43*h + 3 + 128*h - 78*h + h**2. Determine s(-8).
11
Let i(f) be the first derivative of 2*f**3/3 + 27*f**2/2 + 9*f + 76. Give i(-13).
-4
Let d(a) = a**3 - 4*a**2 + 2. Let x be d(2). Let r(f) = f**2 + 9*f + 13. Calculate r(x).
-5
Let n(i) = i**2 - 9*i + 12. Let t = 198 - 191. Determine n(t).
-2
Suppose -10 = -8*q + 3*q. Suppose -18 = -q*u + 10. Let h(g) = 32 - u - 3*g - 12. What is h(4)?
-6
Let d(b) = -8*b + 15. Let o be d(-3). Let i(p) = -33*p + 4 + 70*p - o*p. Determine i(-4).
12
Let x(s) = 4*s - 2. Let v = 12 - 15. Let y(f) = f**2 - 3. Let t be y(v). Let m = t + -8. What is x(m)?
-10
Suppose -2*x + 22 = -l, -x + 5*x - 5*l = 50. Let g(c) = -8*c**2 - 151*c + 15*c**2 - 1 - 3*c**2 - 5*c**2 + 161*c. Calculate g(x).
-1
Let k(f) = -5*f**2 + 10*f + 14. Let l(d) = -7*d**2 + 10*d + 12. Let z(p) = 4*k(p) - 3*l(p). Calculate z(-5).
-5
Let x(j) be the first derivative of 7*j**3/3 - 43. Let s(b) = b**2 - 3*b + 1. Let w be s(4). Suppose -13 = -5*g + 4*t, -4*g + 5*t + 9 = -w. What is x(g)?
7
Let k(g) = 2*g**3 + g**2 - 2*g - 3. Let m(f) = f + 5. Let j be m(-6). Let t be (-9 - -13)*j/(-2). Let l be (-4 + 4 - 4)/t. Calculate k(l).
-11
Let i(q) = -8*q**2 + 2 - 11 - 6 + 15. Let b = 3 + -1. Suppose 3*p - b = 5*p. Calculate i(p).
-8
Let a(w) = w**3 - 5*w**2 + w - 1. Let b(i) = 15*i**2 + 3*i**3 - 2 - 2*i**2 + 2*i - 14*i**2 - 13*i**2. Let s(x) = 11*a(x) - 4*b(x). Calculate s(2).
-1
Let a(v) = 28*v**2 - v - 2. Let h(z) = -22*z**2 + 2*z + 3. Let w(s) = 3*a(s) + 2*h(s). Give w(1).
41
Let j(w) = -w - 7. Let u be j(-9). Suppose -3 = q - 5*q + 5*l, 4*q = -l + 9. Let h(t) = t**q + 49*t - 94*t + 42*t. Give h(u).
-2
Let r(d) = 10 - 4 - d**2 - d + 9*d**2. Let n(u) = 7*u**2 - u + 5. Let j(g) = 6*n(g) - 5*r(g). Give j(-1).
3
Suppose 12 = -5*g - 8. Let i(b) = -3*b**2 + 11*b + 8. Let v(x) = -5*x**2 + 19*x + 13. Let u(q) = -7*i(q) + 4*v(q). Determine u(g).
16
Let q(s) = 3 - 6 + 0*s**2 - s**3 - 6*s**2 - 3*s - 1. What is q(-3)?
-22
Let m(i) = i + 11. Let g(w) = -w**2 - 12*w - 32. Let p be g(-6). Let y(s) = -s**2 + 4*s - 8. Let u be y(p). What is m(u)?
3
Let u(d) be the first derivative o